82199 and 13?
13
What is the greatest common divisor of 32 and 4572?
4
Calculate the highest common factor of 5699 and 4448.
139
What is the highest common factor of 9419 and 72?
1
What is the highest common factor of 434 and 121716?
14
Calculate the highest common factor of 26872 and 40.
8
What is the highest common factor of 2381121 and 207?
207
What is the highest common factor of 1 and 34223?
1
What is the highest common divisor of 941730 and 30?
30
What is the greatest common divisor of 2 and 30281?
1
Calculate the highest common factor of 6383 and 156.
13
What is the greatest common factor of 82 and 1977922?
82
What is the greatest common divisor of 588 and 590744?
196
What is the greatest common divisor of 5312 and 33366?
166
What is the highest common factor of 18329 and 22?
1
Calculate the greatest common factor of 4 and 84598.
2
What is the highest common factor of 3655 and 108575?
215
What is the greatest common divisor of 110862 and 12?
6
Calculate the greatest common factor of 8163 and 16164.
9
Calculate the greatest common divisor of 29799 and 45.
9
What is the greatest common factor of 819 and 30051?
63
Calculate the greatest common factor of 144 and 9864.
72
Calculate the highest common divisor of 460 and 12857.
23
Calculate the greatest common factor of 1394605 and 362.
181
Calculate the greatest common divisor of 704 and 12496.
176
What is the highest common factor of 75 and 3154950?
75
Calculate the highest common factor of 21348 and 1608.
12
Calculate the highest common divisor of 5040 and 2620.
20
What is the greatest common divisor of 168 and 294378?
42
What is the greatest common divisor of 123 and 135587?
41
What is the greatest common factor of 1044 and 89088?
348
Calculate the highest common factor of 646 and 8436.
38
What is the highest common factor of 2302 and 564?
2
What is the highest common factor of 74 and 103933?
37
Calculate the highest common divisor of 18737 and 21479.
457
Calculate the greatest common divisor of 137821 and 16131.
283
What is the highest common factor of 29161 and 241?
241
Calculate the greatest common divisor of 21 and 1093638.
21
What is the highest common divisor of 2425 and 137255?
485
What is the greatest common factor of 41553 and 85671?
513
Calculate the greatest common divisor of 760 and 271320.
760
Calculate the greatest common divisor of 1926 and 13696.
214
Calculate the highest common divisor of 17505 and 2736.
9
What is the highest common factor of 91 and 178815?
91
What is the greatest common factor of 2059 and 145?
29
Calculate the highest common factor of 612760 and 40.
40
Calculate the highest common divisor of 13823 and 460.
23
What is the greatest common divisor of 2724 and 78542?
454
What is the highest common factor of 231 and 79527?
21
What is the greatest common divisor of 304200 and 30?
30
Calculate the highest common divisor of 54 and 231606.
54
Calculate the highest common factor of 330394 and 10718.
466
Calculate the greatest common factor of 275880 and 330.
330
Calculate the highest common factor of 7398 and 115776.
54
Calculate the greatest common factor of 11 and 38313.
11
Calculate the greatest common divisor of 7542 and 738.
18
What is the highest common divisor of 63554 and 4472?
86
Calculate the highest common factor of 3184 and 176.
16
What is the greatest common divisor of 3155 and 405?
5
What is the greatest common divisor of 1130 and 276285?
565
Calculate the greatest common factor of 1170 and 2730.
390
What is the highest common divisor of 870 and 628890?
30
Calculate the highest common factor of 281668 and 2144.
268
Calculate the highest common divisor of 156 and 75868.
52
What is the highest common factor of 182 and 117598?
26
Calculate the highest common factor of 11800 and 400.
200
Calculate the highest common factor of 741 and 609159.
57
Calculate the greatest common factor of 1248 and 7307664.
624
What is the greatest common factor of 96930 and 70?
10
Calculate the highest common divisor of 76 and 3078.
38
Calculate the highest common factor of 786 and 258.
6
What is the highest common divisor of 362010 and 12?
6
Calculate the highest common divisor of 16 and 8328288.
16
Calculate the greatest common factor of 2 and 388966.
2
What is the highest common divisor of 71785 and 490?
245
Calculate the greatest common factor of 2397 and 1071.
51
Calculate the greatest common factor of 11305 and 165410.
595
What is the greatest common divisor of 1891 and 1488?
31
Calculate the highest common divisor of 208 and 190448.
16
What is the highest common divisor of 7007 and 152243?
637
Calculate the highest common factor of 42264 and 960.
24
Calculate the greatest common divisor of 90 and 71694.
18
Calculate the highest common divisor of 9856 and 18403.
77
Calculate the greatest common factor of 209 and 979.
11
Calculate the highest common divisor of 185 and 111814.
37
Calculate the greatest common factor of 18042 and 36.
6
What is the highest common factor of 52343 and 17?
17
Calculate the greatest common divisor of 1920728 and 986.
986
Calculate the highest common divisor of 17 and 6734312.
17
What is the highest common factor of 3222 and 90?
18
Calculate the greatest common factor of 495 and 24585.
165
Calculate the highest common factor of 26 and 229762.
26
Calculate the greatest common divisor of 1722 and 126.
42
What is the highest common factor of 10 and 454?
2
What is the greatest common factor of 98085 and 195?
195
What is the greatest common divisor of 1176 and 350700?
84
What is the highest common factor of 2344 and 149137?
293
Calculate the highest common factor of 60 and 19815.
15
Calculate the greatest common factor of 143117 and 27573.
1313
Calculate the highest common divisor of 585 and 16315.
65
What is the greatest common divisor of 1407210 and 210?
210
Calculate the highest common factor of 16 and 293188.
4
Calculate the highest common factor of 65 and 5512.
13
Calculate the greatest common divisor of 684 and 182340.
36
What is the highest common divisor of 568 and 616564?
284
What is the highest common factor of 648 and 1045080?
72
Calculate the greatest common factor of 96 and 9552.
48
Calculate the highest common factor of 7438 and 4.
2
What is the greatest common factor of 227745 and 567?
189
Calculate the highest common divisor of 156 and 623584.
52
What is the greatest common divisor of 14102 and 23717?
641
Calculate the highest common divisor of 36 and 52623.
9
What is the highest common divisor of 5993 and 13?
13
Calculate the greatest common divisor of 1005 and 29280.
15
What is the highest common divisor of 41323 and 434?
31
What is the greatest common factor of 522654 and 2376?
66
Calculate the greatest common factor of 7580 and 266058.
758
What is the highest common divisor of 5329 and 14235?
73
Calculate the highest common divisor of 512 and 3632.
16
What is the greatest common divisor of 877250 and 580?
290
Calculate the highest common factor of 6 and 3649827.
3
What is the greatest common factor of 183 and 73993?
61
What is the highest common divisor of 226 and 92434?
226
What is the highest common divisor of 463536 and 444?
444
What is the greatest common divisor of 652360 and 11750?
470
What is the greatest common divisor of 504 and 1827?
63
Calculate the highest common divisor of 130462 and 222.
74
What is the greatest common divisor of 9352662 and 132?
66
What is the highest common divisor of 648 and 248022?
162
Calculate the highest common divisor of 243 and 35.
1
What is the highest common divisor of 1 and 18305?
1
What is the highest common divisor of 2220 and 83805?
555
What is the greatest common divisor of 226676 and 488?
244
Calculate the highest common factor of 22 and 26510.
22
What is the greatest common divisor of 27511 and 793?
61
What is the greatest common factor of 3190 and 250?
10
Calculate the greatest common factor of 5072 and 24.
8
Calculate the greatest common factor of 1513 and 3293.
89
Calculate the highest common divisor of 816 and 464.
16
What is the highest common divisor of 74 and 862877?
37
Calculate the greatest common factor of 260 and 28236.
52
Calculate the highest common factor of 11545 and 5.
5
What is the greatest common divisor of 231 and 33231?
33
Calculate the greatest common factor 